r of p and 90?
45
Let f be (1/(-3))/((-629)/(-42) - 15). Calculate the greatest common divisor of f and 9002.
14
Let p = 9777 - 9609. Calculate the highest common factor of 11508 and p.
84
Let n = 760 - 442. Suppose -p - 4 = 5*h - 95, 0 = 4*p - 3*h - n. Calculate the greatest common factor of p and 324.
81
Let f(u) = 3*u**2 + 55*u - 29. Let z be f(-19). Let n be (z/4)/(5/720). Calculate the greatest common divisor of n and 4.
4
Suppose -6 = -h + 2*i, 5*h - 8*i + 7*i = 3. Let r be 12*(h/4 + 9/6). What is the highest common factor of r and 162?
18
Let w be ((1 - -421) + 0)/(12/6). Let t = w - 51. Suppose 0 = 10*a - 6*a - t. What is the highest common factor of 40 and a?
40
Suppose 0 = -5*w - 13 - 2, 4*v + 5*w = 1353. What is the highest common divisor of v and 126?
18
Let l = 214 - 158. Let m be (378/8 - -6)/(6/l). Calculate the greatest common divisor of m and 71.
71
Let j = 279 - 314. Let z be (1/2)/(j/(-2730)). Calculate the highest common divisor of z and 1404.
39
Let u(x) = 6*x - 68. Let y(i) = i**3 - 6*i**2 - 13*i - 10. Let p be y(8). Let k be u(p). Suppose -w = 2*w - 48. Calculate the highest common divisor of w and k.
16
Suppose -9*n + 309 = -465. Let z(l) = -l**2 - 8*l - 10. Let q be z(-6). Calculate the highest common factor of n and q.
2
Let w(d) be the first derivative of d**4/4 - d**3 + 2*d**2 - 6*d + 14. Let u be w(4). Suppose 5*o - u = -6. Calculate the highest common factor of 2 and o.
2
Let i = -11938 + 11971. Calculate the greatest common factor of i and 4928.
11
Let f = -25 - 12. Let l = 57 + f. What is the greatest common divisor of l and 320?
20
Let d(z) = z**2 - 65*z - 171. Let t be d(-8). Suppose 3*q - 7 = 14. Calculate the greatest common factor of q and t.
7
Let w be 15/(-10)*4/9*-42. Let k = w - 25. Suppose -4*t + 4 + k = l, 0 = 4*t + 2*l - 6. What is the highest common factor of t and 10?
2
Let i be 2/(-3)*9 - (-33 + 0). What is the highest common factor of 1233 and i?
9
Suppose 2134*x = 2137*x + t - 127893, 3*x - 4*t - 127863 = 0. What is the greatest common factor of x and 47?
47
Suppose -7*y - 183 + 435 = 0. Let d(t) = t**3 - 3*t**2 + 10*t - 6. Let a be d(6). Calculate the highest common divisor of a and y.
18
Let o be (438/(-5))/1*(-210)/63. Let y = -166 + o. What is the highest common divisor of 63 and y?
63
Let k be (-110)/(-14) - 20/(-140). Suppose 12*z = k*z + 192. Suppose -5*y = -2*y + b - 29, y - 28 = -4*b. Calculate the greatest common factor of z and y.
8
Let s = 19541 + -19463. Calculate the greatest common divisor of 834 and s.
6
Suppose 0*w - 8*w = -104. Suppose w*o = 654 + 334. Calculate the highest common divisor of 4 and o.
4
Suppose 208 = 67*f - 127. Let a be (((-81)/(-3))/(-3))/(-1). Calculate the highest common divisor of f and a.
1
Let m = -17 - -43. Let y(g) = 66*g - 23. Let p be y(-17). Let z be p/(-4) - 4/16. What is the highest common divisor of z and m?
26
Let i(p) = -29*p - 415. Let j be i(-15). What is the greatest common divisor of 2260 and j?
20
Suppose 2529 = -57*y + 48*y. Let r = y - -299. Calculate the greatest common factor of r and 27.
9
Let t be 0 + (8/22)/(8/44). Suppose 84 = 4*g + 4*r, 6*g - 5*r - 77 = 4*g. Calculate the highest common factor of t and g.
2
Let o be (-16)/56 - 88/(-14). Let x be (44 - -385) + 1*o. What is the highest common divisor of x and 15?
15
Suppose 29*y = 4*y + 125. Suppose 0 = -4*q - 5*f + 141, y*q - 16*f = -12*f + 125. What is the greatest common divisor of q and 58?
29
Let t(w) = 25*w**2 - 75*w + 847. Let d be t(14). What is the highest common divisor of 77 and d?
77
Suppose -120*t + 72843 = -176997. What is the greatest common factor of t and 6?
6
Suppose -4*h + 8 - 4 = 0, z = 5*h - 3. Suppose 47 = -z*v - 4*a - 57, 2 = a. Let d = 113 + v. Calculate the highest common factor of d and 38.
19
Suppose -4*g - 5*v = -1534 + 439, -282 = -g - 4*v. Let h(z) = 8*z + 9. Let m be h(9). Calculate the greatest common factor of m and g.
27
Let s be -2 + (-1)/(-2) - (-1023)/22. Suppose -s*u + 37*u = -176. Calculate the highest common divisor of u and 33.
11
Let a(x) = 8*x**2 - 12*x + 3. Let w(f) = 2*f + f**2 + 5*f - 8*f. Let o(l) = a(l) - 4*w(l). Let g be o(4). What is the greatest common factor of g and 35?
35
Let c = -100 - -96. Let k be 110/(-44) - 98/c. What is the highest common divisor of k and 110?
22
Suppose -4*c - 735 - 159 = -3*j, -4*j = 2*c - 1214. Suppose 0 = -9*f + j + 256. What is the highest common factor of f and 124?
62
Let j(c) be the first derivative of 4*c**2 + 4*c + 26. Let i be j(2). Let y = -13 + 23. Calculate the greatest common factor of y and i.
10
Let z be 5 + (14 + 4)/(-6). Let w be ((-57)/z)/((-1)/18). What is the greatest common divisor of 57 and w?
57
Let a = -973 + 514. Let q be (a/12)/(5 + (-147)/28). What is the highest common factor of 17 and q?
17
Suppose -15 = s - 6*s. Let t(z) = 2*z**2 - 21*z - 8. Let d be t(11). Suppose d*p + 2*p = -5*i + 160, 20 = 4*i. Calculate the greatest common divisor of s and p.
3
Suppose 187 = -10*u + 207. Suppose 0 = h + u, 4*p - 8*p + h + 10 = 0. What is the highest common factor of 2 and p?
2
Let r = 142 - 140. Suppose -r*n + 712 = 5*k, -2*k = -2*n - 0*n - 282. What is the greatest common divisor of 355 and k?
71
Let c be ((-56)/68)/(-7) - (1216006/17)/(-2). Calculate the greatest common factor of 230 and c.
115
Suppose 31*x - 2898 = 3054. What is the greatest common factor of 6 and x?
6
Let d(y) = 8*y - 9 - 3 - 3*y - 4*y. Let l be d(0). Let x be (l/(-21) - 0) + (-30)/(-21). What is the highest common factor of x and 2?
2
Let s(n) = 111*n**3 + n**2 + 19*n - 17. Let g be s(3). What is the highest common divisor of 4 and g?
2
Suppose 22*r = 1028 + 50. What is the greatest common factor of 28 and r?
7
Let a = 17584 + -17354. What is the greatest common divisor of a and 50?
10
Let m = 202 - 72. Let u be 8 + -8 - (-1238 + -10)/6. Calculate the highest common factor of u and m.
26
Suppose -g + 53 = 48. Let l be (g - 1)/(184/(-40) - -5). Let d = -315 - -485. Calculate the greatest common factor of d and l.
10
Suppose -2*f - 5*d + 11 = 0, 4*d = -2*f + 5*f - 5. Suppose -3*r + 61 + 26 = f*l, 2*l = r - 38. Let a = 10 + r. Calculate the greatest common factor of 63 and a.
21
Suppose 4*o = -2*o. Suppose o = -m - 3, 2*m = -f - 0*m - 2. Calculate the greatest common factor of f and 12.
4
Let k(z) = -z**3 + 10*z**2 - 3*z + 1. Let u be k(9). Suppose 92*f = 75*f. Suppose 4*i - r = 4*r, f = i + r - 9. Calculate the greatest common factor of u and i.
5
Let j = 1383 - 1368. Let p = 16 + -6. What is the highest common factor of j and p?
5
Let a = 54 + -54. Suppose -v + 12 = 2*z, 1 + a = z. Suppose -30 - 30 = -v*j. What is the greatest common divisor of j and 9?
3
Let h(j) = 58*j + 40. Let o be h(5). Suppose 7*v = -23*v + o. Suppose -44 = -7*g + 3*g. Calculate the greatest common factor of v and g.
11
Suppose -15345 = 55*v - 334*v. What is the greatest common divisor of 215 and v?
5
Suppose -4*h + 176 = 2*n, 0*n - 279 = -3*n - 3*h. What is the highest common factor of n and 637?
49
Let z = -18485 + 18537. Let m be 2/(-3) + (-784)/(-6). What is the highest common factor of m and z?
26
Let j be 7 + 0 + (8 - 3 - 4). Suppose j*x - 29*x = -168. Let y be 1/4 - (-42)/24. What is the greatest common factor of x and y?
2
Let r be 2220/(-8)*4/(-3). Suppose -5*f - 743 = -2*c, 3*c = 2*c + f + r. Let l = 694 - 653. Calculate the greatest common divisor of c and l.
41
Let o be (-3)/(3/(-2))*2. Let j(f) = 40*f**2 + 568*f + 240. Let s be j(-14). What is the greatest common divisor of o and s?
4
Suppose 4*l = 2*l + o + 10, 2*l + 3*o - 2 = 0. Let g be l + 4/4 + 95. Calculate the highest common divisor of 20 and g.
20
Let l = -12 + 22. Let s(z) = 4*z**3 + 228*z**2 - 474*z + 52. Let a be s(-59). What is the highest common factor of l and a?
10
Let z(q) = -5*q - 13. Suppose -m + 12 = -3*m. Let u be z(m). Let t(o) = o**3 - 3*o**2 - 18*o + 11. Let s be t(8). What is the highest common factor of u and s?
17
Let u = 2217 + -3144. Let y be ((-3)/(18/(-4)))/(6/u). Let s = y + 104. What is the greatest common factor of 1 and s?
1
Let n be (3 + -4)/((-2)/78). Let z = n - 26. Let u = -8025 + 8051. Calculate the highest common factor of u and z.
13
Let a(r) = -2*r - 32. Let z be 0/1 + (-23 - -8). Let q be a(z). Let c be (-64)/(-20)*q*5/(-2). Calculate 